{"id":7135,"date":"2022-06-21T11:55:58","date_gmt":"2022-06-21T11:55:58","guid":{"rendered":"https:\/\/www.kastielpravenec.sk\/?post_type=product&#038;p=7135"},"modified":"2022-06-23T13:55:22","modified_gmt":"2022-06-23T13:55:22","slug":"svadby","status":"publish","type":"product","link":"https:\/\/www.kastielpravenec.sk\/index.php\/produkt\/svadby\/","title":{"rendered":"SVADBY"},"content":{"rendered":"<p>Romantick\u00e9 kulisy n\u00e1\u0161ho ka\u0161tiela \u00a0s\u00fa t\u00fdm najkraj\u0161\u00edm a najd\u00f4stojnej\u0161\u00edm miestom pre V\u00c1\u0160 najkraj\u0161\u00ed de\u0148 v \u017eivote a VA\u0160E spolo\u010dn\u00e9 \u201e\u00c1no\u201c.<\/p>\n<p>Jedine\u010dn\u00e1 svadba v ka\u0161tieli okol\u00ed Prievidze .<\/p>\n","protected":false},"excerpt":{"rendered":"<p>Romantick\u00e9 kulisy n\u00e1\u0161ho ka\u0161tiela \u00a0s\u00fa t\u00fdm najkraj\u0161\u00edm a najd\u00f4stojnej\u0161\u00edm miestom pre V\u00c1\u0160 najkraj\u0161\u00ed de\u0148 v \u017eivote a VA\u0160E spolo\u010dn\u00e9 \u201e\u00c1no\u201c. Jedine\u010dn\u00e1 svadba v ka\u0161tieli okol\u00ed Prievidze .<\/p>\n","protected":false},"featured_media":7140,"comment_status":"open","ping_status":"closed","template":"","meta":[],"product_cat":[72],"product_tag":[],"class_list":["post-7135","product","type-product","status-publish","has-post-thumbnail","hentry","product_cat-nezaradene"],"_links":{"self":[{"href":"https:\/\/www.kastielpravenec.sk\/index.php\/wp-json\/wp\/v2\/product\/7135","targetHints":{"allow":["GET"]}}],"collection":[{"href":"https:\/\/www.kastielpravenec.sk\/index.php\/wp-json\/wp\/v2\/product"}],"about":[{"href":"https:\/\/www.kastielpravenec.sk\/index.php\/wp-json\/wp\/v2\/types\/product"}],"replies":[{"embeddable":true,"href":"https:\/\/www.kastielpravenec.sk\/index.php\/wp-json\/wp\/v2\/comments?post=7135"}],"wp:featuredmedia":[{"embeddable":true,"href":"https:\/\/www.kastielpravenec.sk\/index.php\/wp-json\/wp\/v2\/media\/7140"}],"wp:attachment":[{"href":"https:\/\/www.kastielpravenec.sk\/index.php\/wp-json\/wp\/v2\/media?parent=7135"}],"wp:term":[{"taxonomy":"product_cat","embeddable":true,"href":"https:\/\/www.kastielpravenec.sk\/index.php\/wp-json\/wp\/v2\/product_cat?post=7135"},{"taxonomy":"product_tag","embeddable":true,"href":"https:\/\/www.kastielpravenec.sk\/index.php\/wp-json\/wp\/v2\/product_tag?post=7135"}],"curies":[{"name":"wp","href":"https:\/\/api.w.org\/{rel}","templated":true}]}}