{"id":7137,"date":"2022-06-21T11:57:43","date_gmt":"2022-06-21T11:57:43","guid":{"rendered":"https:\/\/www.kastielpravenec.sk\/?post_type=product&#038;p=7137"},"modified":"2024-03-23T02:57:25","modified_gmt":"2024-03-23T02:57:25","slug":"eventy","status":"publish","type":"product","link":"https:\/\/www.kastielpravenec.sk\/index.php\/produkt\/eventy\/","title":{"rendered":"EVENTY"},"content":{"rendered":"<p>V na\u0161om ka\u0161tieli s\u00fa 3 atypick\u00e9 spolo\u010densk\u00e9 miestnosti, ktor\u00e9 s\u00fa vhodn\u00e9 na organizovanie firemn\u00fdch akci\u00ed, men\u0161\u00edch konferenci\u00ed, team-buildingov\u00fdch aktiv\u00edt, \u010di aukci\u00ed a v\u00fdstav.<\/p>\n","protected":false},"excerpt":{"rendered":"<p>V na\u0161om ka\u0161tieli s\u00fa 3 atypick\u00e9 spolo\u010densk\u00e9 miestnosti, ktor\u00e9 s\u00fa vhodn\u00e9 na organizovanie firemn\u00fdch akci\u00ed, men\u0161\u00edch konferenci\u00ed, team-buildingov\u00fdch aktiv\u00edt, \u010di aukci\u00ed a v\u00fdstav.<\/p>\n","protected":false},"featured_media":7138,"comment_status":"open","ping_status":"closed","template":"","meta":[],"product_cat":[72],"product_tag":[],"class_list":["post-7137","product","type-product","status-publish","has-post-thumbnail","hentry","product_cat-nezaradene"],"_links":{"self":[{"href":"https:\/\/www.kastielpravenec.sk\/index.php\/wp-json\/wp\/v2\/product\/7137","targetHints":{"allow":["GET"]}}],"collection":[{"href":"https:\/\/www.kastielpravenec.sk\/index.php\/wp-json\/wp\/v2\/product"}],"about":[{"href":"https:\/\/www.kastielpravenec.sk\/index.php\/wp-json\/wp\/v2\/types\/product"}],"replies":[{"embeddable":true,"href":"https:\/\/www.kastielpravenec.sk\/index.php\/wp-json\/wp\/v2\/comments?post=7137"}],"wp:featuredmedia":[{"embeddable":true,"href":"https:\/\/www.kastielpravenec.sk\/index.php\/wp-json\/wp\/v2\/media\/7138"}],"wp:attachment":[{"href":"https:\/\/www.kastielpravenec.sk\/index.php\/wp-json\/wp\/v2\/media?parent=7137"}],"wp:term":[{"taxonomy":"product_cat","embeddable":true,"href":"https:\/\/www.kastielpravenec.sk\/index.php\/wp-json\/wp\/v2\/product_cat?post=7137"},{"taxonomy":"product_tag","embeddable":true,"href":"https:\/\/www.kastielpravenec.sk\/index.php\/wp-json\/wp\/v2\/product_tag?post=7137"}],"curies":[{"name":"wp","href":"https:\/\/api.w.org\/{rel}","templated":true}]}}